d by t?
6
Let h(y) = y**3 - 39*y - 12. Let d be h(9). Let f = d + -345. Calculate the remainder when 244 is divided by f.
13
Let t = 11391 + -11164. What is the remainder when 4084 is divided by t?
225
Suppose 67*p + 4*h - 166 = 65*p, p = h + 86. Suppose -10 = -5*g, 7*u - 3*u - 118 = 5*g. What is the remainder when p is divided by u?
21
Suppose y - 5*z = 32, 96 = -12*y + 15*y - z. Calculate the remainder when 1309 is divided by y.
29
Suppose -412*l + 410*l + 860 = 0. Suppose 11*n - l = n. Suppose 4*p - 332 = -0*p. Calculate the remainder when p is divided by n.
40
Suppose -4*p + 4*r = -7*p + 26, -r = -2. Calculate the remainder when 310 is divided by p.
4
Suppose -45*g = -51*g + 120. What is the remainder when 1089 is divided by g?
9
Let i(t) = -t + 8. Let y = 29 - 33. Let u be i(y). Suppose 31*r - 28*r = u. What is the remainder when 5 is divided by r?
1
Let d = 9995 - 9494. Calculate the remainder when d is divided by 33.
6
Suppose 47*b - 91462 + 23641 = 0. What is the remainder when b is divided by 145?
138
Suppose -4*v + 100 = -680. Let d = -16461 + 16501. What is the remainder when v is divided by d?
35
Let m = 39 + -73. Let z = m + 40. Suppose -9*q + z*q = -12. What is the remainder when 4 is divided by q?
0
Let y(m) = 21 - 2 - 6 + 5*m + m**2 - 8. Let l be y(-4). Let f(v) = 113*v**3 + 2*v**2 - 2*v + 1. What is the remainder when f(l) is divided by 23?
22
Let n(l) = -2*l**2 + 39*l - 26. Suppose 0 = -3*k - 0*k + 3*g + 39, -5*g = -3*k + 29. Calculate the remainder when ((-100)/6)/((-3)/9) is divided by n(k).
22
What is the remainder when (((-36)/10)/1)/(1/7790*-4) is divided by 3?
0
Let m(q) be the second derivative of 0 + 11/2*q**2 - 7*q - 1/6*q**3. What is the remainder when m(-18) is divided by 8?
5
Suppose 17*a - 1332 = -3*a - 17*a. What is the remainder when 314 is divided by a?
26
Suppose 53*n + 2751 = 45*n + 29*n. What is the remainder when n is divided by 2/(-12) - (-995)/30?
32
Suppose 196 = 3*x - 14. Suppose -x = -v - 4*v. Let h(l) = -l**2 + 16*l - 22. Calculate the remainder when h(6) is divided by v.
10
Suppose -6*o = -77 + 281. Calculate the remainder when 23 is divided by 21/(-14)*o/3 + -4.
10
Suppose -5*l - l = -150. Let m(y) = 2*y**2 - 46*y + 2. Let i be m(l). Let w = -57 + i. What is the remainder when w is divided by 14?
3
Suppose 97 = 5*u - 4*c, -4*c = 3*u - 6 - 33. Let x(q) = q - 2 + 0*q + u. Calculate the remainder when 7 is divided by x(-11).
3
Suppose 1006*j = 1017*j - 2409. Calculate the remainder when j is divided by 85.
49
Suppose 0 = -3*i + 361*n - 364*n + 186, -n = 2*i - 130. Calculate the remainder when 11962 is divided by i.
62
Suppose 39 = -4*v + 51. Suppose -v*a + 21*a - 378 = 0. What is the remainder when 40 is divided by a?
19
Let p(q) = 10*q - 345. Suppose 8 + 2 = 2*w. Suppose 0 = w*z - 175. What is the remainder when p(41) is divided by z?
30
Suppose -46*k - 15*k + 2442 = 5*k. Let r(l) = 3*l**2 + l + 7. What is the remainder when r(-6) is divided by k?
35
Let a = -29311 + 29491. What is the remainder when 2697 is divided by a?
177
Let m(r) = -29*r - 885. What is the remainder when 897 is divided by m(-32)?
37
Let w(g) = -11*g - 54. Let a be (1 - (-35)/(-20))*8. What is the remainder when w(a) is divided by 11?
1
Suppose 632*i = 719*i - 62640. Calculate the remainder when i is divided by 144.
0
Let c be ((-11900)/(-125))/((-2)/(-5)). Let t = -178 + c. What is the remainder when 174 is divided by t?
54
Let f(n) = -5*n - 29. Let l be f(-8). Suppose -6*o + l*o - 50 = 0. What is the remainder when o is divided by 1?
0
Suppose -85*o = -95*o + 780. Suppose -5*t = -0*n + 2*n - 38, 3*t = 3*n - o. Calculate the remainder when 152 is divided by n.
8
Suppose 886*b = 469*b + 45453. Calculate the remainder when 475 is divided by b.
39
Suppose -15*w + 19*w = -3*h + 98, 2*w = -h + 50. Calculate the remainder when 3561 is divided by w.
25
Suppose -60*s = -56*s - 3*c - 24, -7 = -5*s - 2*c. Calculate the remainder when 12 is divided by s.
0
Let a = 13353 + -13091. What is the remainder when a is divided by 253?
9
Let y(l) = 2*l**3 + 58*l**2 + 108*l + 18. Calculate the remainder when 69 is divided by y(-27).
15
What is the remainder when 442 is divided by (-2)/((-2)/87) - (108 + -115)?
66
Let d = 54 + 20. Suppose -331*h + 1080 = -259*h. Calculate the remainder when d is divided by h.
14
Let t(v) = -v**2 + 22*v + 129. Let x be t(-5). Let w(o) = 48*o - 2. Calculate the remainder when w(4) is divided by 1*x - 43/(688/(-480)).
22
Suppose -2101*k + 2062*k = -13806. What is the remainder when 558 is divided by k?
204
Let n = -29 + 31. Calculate the remainder when (-24)/36*n/(8/(-1662)) is divided by 56.
53
Let c = -24804 - -24877. What is the remainder when 22992 is divided by c?
70
Suppose 2 = -2*n + 28. Suppose 155 - 149 = 3*z. What is the remainder when n is divided by z?
1
Suppose 0 = -4*u - 15 - 5, -2*k + u = -55. Let m = 17 - k. Calculate the remainder when 22 is divided by (m + -16)*1/(-2).
10
Let a = 60 - 50. Let q = -86 - -132. Calculate the remainder when q is divided by a.
6
What is the remainder when 7154 is divided by 106*(-17 - 595/(-34))?
52
Let s(t) = t**3 - 69*t**2 + 318*t + 137. What is the remainder when 354 is divided by s(64)?
3
Let m = 0 - -2. Calculate the remainder when 1/(m - (-46)/(-24)) is divided by 2/3 + 88/12.
4
Suppose -6*t - 4*t + 130 = 0. Let s = 181 - 173. What is the remainder when t is divided by s?
5
Suppose -5*p + 225 = c, 4*c - 6*c + 45 = p. Calculate the remainder when 166 is divided by p.
31
Suppose 0 = d - 4*i - 30, 38 = 4*d - 5*i - 27. What is the remainder when 140 is divided by (-8)/(-12)*1065/d?
69
Suppose -191*v - 24*v = -47085. Suppose -61 + 1 = -3*p. What is the remainder when v is divided by p?
19
Let z(t) = -34*t - 40. Let c be z(-28). Suppose -3*s = -i - 149, 5*s + 0*i - 259 = -i. Calculate the remainder when s is divided by ((c/36)/((-4)/(-6)))/2.
13
Suppose 0*p = -5*p + 3*g + 118, 0 = 5*p + 4*g - 111. Let r = 2738 - 2673. Calculate the remainder when r is divided by p.
19
Suppose 5*h = -1 + 11. Suppose 4*g + h*v - 94 = 0, -7*g + 140 = -2*g - 5*v. Suppose 0*d - 369 + 1356 = 21*d. Calculate the remainder when d is divided by g.
22
Suppose 121*a + 17*a = -31*a + 1183. Let y(t) be the third derivative of t**4/12 - t**3/3 - t**2. What is the remainder when y(6) is divided by a?
3
Suppose -3*m - t - 21 = 0, 4*t + t = 5*m + 15. Let w be 63/18 - m/4. Let f(k) = 4*k - 3. Calculate the remainder when f(w) is divided by 12.
5
Let c(v) = 5*v**2 - 293*v + 119. Calculate the remainder when c(64) is divided by 74.
71
Suppose -2*o + 20 = 3*o. Calculate the remainder when 8*(-1)/6*2/(16/(-150)) is divided by o.
1
Let j = 70 + -23. Suppose -30*t - 82 = -3132 - 1030. Calculate the remainder when t is divided by j.
42
Suppose 6*w - 187 + 187 = 0. Calculate the remainder when w - (1 - 5) - (-102)/3 is divided by 7.
3
Suppose 3*v = -5*r + 364, -11*v + 212 = 3*r - 10*v. Calculate the remainder when 3942 is divided by r.
66
Let s(u) = -u**2 + 10*u - 23. Let y be s(5). Calculate the remainder when (980/40)/(y/4) - -5 is divided by 30.
24
Let n(t) = -40*t + 728. What is the remainder when 18 is divided by n(18)?
2
Let a(n) = n**3 - 2*n**2 + n + 4. Let g be 2/(-13) + (400/(-13))/(-5). Let r be a(g). Let z = r - 76. What is the remainder when z is divided by 20?
18
Suppose -159 + 95 = -6*w + 260. Calculate the remainder when 101 is divided by w.
47
Let f(n) = n**2 - 7*n + 17. Let l(m) = 6*m - 7. Let c be l(2). Let i be f(c). Suppose -175 = -i*b + 2*b. What is the remainder when b is divided by 19?
16
Suppose -5*f - m + 1573 + 76 = 0, 0 = 4*f + m - 1320. Let w = -218 + f. Let t(v) = v**3 + 8*v**2 + 8*v + 4. What is the remainder when w is divided by t(-6)?
27
Suppose -51*x + 340 = -47*x. What is the remainder when x is divided by 7?
1
Let i(o) = -o**3 - 3*o**2 - o - 1. Let f(s) = 19*s - 110. Calculate the remainder when i(-6) is divided by f(7).
21
Let c be 49/7*(-82)/(-2). Let l = -155 + c. Let s = l - 90. What is the remainder when s is divided by 15?
12
Let c(x) = 3*x**3 + 3*x**2 + 12*x - 2. Let r(j) = -j**3 - j**2 - 6*j. Let u(d) = -2*c(d) - 5*r(d). What is the remainder when 7 is divided by u(-3)?
3
Let j = 33 + -20. Suppose 0*h = -3*h + 15, 5*n - 4*h - 15 = 0. Suppose -753 = n*d - 1187. Calculat